5?
-4133111324
Convert -d27b5 (base 16) to base 13.
-24254c
505fa (base 16) to base 9
551528
What is 4317451 (base 12) in base 14?
1992dc1
What is 1597218 (base 11) in base 12?
ab1017
What is 193194 (base 12) in base 2?
1101011101001000000
Convert -2041034 (base 5) to base 2.
-1000010001100110
Convert -31a360 (base 15) to base 4.
-21000332001
Convert -813028 (base 13) to base 7.
-34355323
2f63b2 (base 16) to base 8
13661662
-4341013004 (base 5) to base 3
-122112011201121
What is -13d29b (base 14) in base 5?
-134024043
-69069 (base 11) to base 8
-303074
323021033 (base 4) to base 14
643dd
What is 7302821 (base 9) in base 5?
1444234414
b8a14 (base 13) to base 7
2556112
What is -232461 (base 11) in base 2?
-1011010001001010110
What is -99b29 (base 12) in base 2?
-110001110000010001
Convert 11111111111001011010010 (base 2) to base 8.
37771322
What is 1102210112021 (base 3) in base 4?
2322130000
What is -7144050 (base 9) in base 12?
-1337a99
-1053731 (base 9) to base 14
-10a900
What is -3216 (base 11) in base 13?
-1c21
What is -138e25 (base 16) in base 11?
-7a5957
Convert 104323 (base 7) to base 5.
1041333
What is -78273 (base 13) in base 12?
-a6153
31460660 (base 8) to base 5
3204202210
-1100101010001111010101 (base 2) to base 16
-32a3d5
3614401 (base 7) to base 6
13451131
-1411330113 (base 5) to base 2
-1101110011111100110010
20133300121 (base 4) to base 6
115423121
Convert 53126 (base 7) to base 4.
3030233
What is -2201042 (base 7) in base 10?
-269285
Convert -198e468 (base 15) to base 5.
-14240200443
Convert -32a8a2 (base 12) to base 9.
-1458305
Convert 124a001 (base 15) to base 9.
26655361
-58125 (base 12) to base 2
-11100101110101101
-25334305 (base 6) to base 12
-337395
-238b23 (base 15) to base 10
-1700133
What is 27d648 (base 14) in base 16?
151460
Convert 12012122011 (base 3) to base 9.
165564
Convert -250a0 (base 14) to base 16.
-16244
What is -bf8ac (base 16) in base 12?
-31a038
What is -3b316b (base 12) in base 14?
-1b7203
What is -49514 (base 12) in base 14?
-28240
10122111110202 (base 3) to base 15
2846a5
Convert -1111101111111100110101 (base 2) to base 5.
-2024103230
371869 (base 14) to base 7
22015562
Convert 2936b (base 14) to base 16.
18f43
Convert 232631 (base 7) to base 16.
a35b
What is -616766 (base 8) in base 2?
-110001110111110110
-231246 (base 9) to base 3
-21001021120
Convert -1676746 (base 10) to base 3.
-10011012001201
Convert -1101001101110110010 (base 2) to base 4.
-1221232302
-2221611 (base 7) to base 9
-457313
-255db8 (base 14) to base 16
-13983e
Convert 1422938 (base 10) to base 2.
101011011011001011010
Convert -61661 (base 7) to base 16.
-3aee
What is 116321 (base 7) in base 15?
6538
-b393 (base 12) to base 11
-13764
111100100010000111 (base 2) to base 5
30413233
What is 33442534 (base 6) in base 14?
1c6734
Convert 65bb74 (base 15) to base 3.
100010100200201
c8278c (base 15) to base 6
540101353
Convert 102430 (base 5) to base 15.
107a
Convert 817416 (base 10) to base 7.
6643065
3074725 (base 8) to base 2
11000111100111010101
Convert 22715564 (base 8) to base 9.
10281871
-a8b7a (base 13) to base 16
-4a7fa
-11100110010101000010 (base 2) to base 6
-32115414
What is -53ad8 (base 14) in base 2?
-110001011011011110
a29a7a (base 15) to base 14
1052336
409147 (base 14) to base 16
2134fb
-4bb54 (base 14) to base 5
-21423303
Convert -1706605 (base 8) to base 11.
-308983
-321a (base 13) to base 14
-2768
1ca37 (base 15) to base 2
10110110011110011
Convert -101010111001000000001 (base 2) to base 3.
-2122101220101
Convert -3255424 (base 8) to base 16.
-d5b14
102011102022220 (base 3) to base 11
3392483
What is -34205252 (base 8) in base 10?
-7408298
Convert -34338 (base 15) to base 3.
-22102211222
What is 7a31685 (base 11) in base 7?
230325665
What is 143411 (base 7) in base 5?
1341034
Convert 8c249 (base 13) to base 12.
10386b
-100011000110101101 (base 2) to base 10
-143789
-1033031413 (base 5) to base 8
-10420103
-86b26 (base 13) to base 16
-3b769
409986 (base 10) to base 16
64182
-11110111011110001 (base 2) to base 7
-1035255
-44344005 (base 6) to base 4
-11012013011
Convert 11764401 (base 8) to base 9.
4825770
-4130124 (base 7) to base 15
-9b883
What is -40310241 (base 6) in base 12?
-472381
What is -944b15 (base 12) in base 11?
-1352301
Convert 30313122202 (base 4) to base 10.
3372706
Convert -536052 (base 16) to base 13.
-119412c
-96db9c (base 14) to base 2
-10011011111010010001110
What is -18cb149 (base 13) in base 15?
-ab40a7
What is 14412222 (base 5) in base 11?
a5827
Convert -121300300 (base 4) to base 13.
-3904c
What is 10110000001101110101 (base 2) in base 4?
2300031311
Convert -20021211000 (base 3) to base 15.
-26a30
Convert -12a5192 (base 12) to base 8.
-16072276
Convert b6638 (base 13) to base 15.
67494
163531 (base 10) to base 12
7a777
443320342 (base 5) to base 6
105231113
What is 5060240 (base 7) in base 6?
20530345
754717 (base 10) to base 4
2320100131
-24b91 (base 13) to base 2
-10000100100101111
What is 20151424 (base 7) in base 3?
10011011122221
Convert -2275612 (base 10) to base 8.
-10534434
What is -3212312 (base 4) in base 3?
-202021012
Convert 1001011111110101100 (base 2) to base 8.
1137654
-13709a (base 11) to base 13
-76784
What is 2615c (base 14) in base 2?
10110110110000110
1652919 (base 11) to base 10
2814843
What is -250628 (base 11) in base 16?
-60b1f
122022102211 (base 3) to base 7
2616322
Convert 24374228 (base 9) to base 3.
211102111020222
Convert 78a283 (base 15) to base 2.
10101111101000001000100
-18844 (base 16) to base 8
-304104
What is 5841a7 (base 14) in base 12?
1010733
Convert -54536 (base 8) to base 15.
-6ba3
Convert -101111010001010 (base 2) to base 5.
-1233302
Convert -56017 (base 11) to base 7.
-455522
What is -11755b5 (base 13) in base 15?
-71ce72
Convert -111101100111000111 (base 2) to base 13.
-8ab33
5206364 (base 9) to base 4
22212231022
Convert 100345400 (base 6) to base 14.
326d28
What is -581558 (base 10) in base 15?
-b74a8
What is 6290a6 (base 11) in base 8?
3660103
Convert -101003020 (base 4) to base 16.
-110c8
-420313223 (base 5) to base 7
-20461236
Convert -c2a3c2 (base 13) to base 10.
-4535273
Convert -36c361 (base 13) to base 5.
-313442240
-3443454 (base 6) to base 7
-1335163
What is 52432205 (base 8) in base 14?
16a5109
What is -2c1034 (base 15) in base 7?
-24046651
What is 1045535 (base 6) in base 7?
310610
-1345553 (base 8) to base 13
-103b0c
Convert 1178b2c (base 13) to base 11.
3070282
Convert -1100010000001101 (base 2) to base 13.
-19ac9
Convert 532c8a (base 15) to base 3.
21110002210211
What is -235019 (base 11) in base 7?
-3111406
-4020300 (base 6) to base 15
-3b169
Convert 1020179 (base 10) to base 13.
299474
Convert 509627 (base 10) to base 15.
a1002
310233203 (base 4) to base 16
34be3
Convert -109426 (base 13) to base 5.
-100014044
Convert 201020120100 (base 3) to base 11.
239632
What is 43a9 (base 11) in base 5?
141211
What is -11021201220 (base 3) in base 9?
-137656
31369 (base 14) to base 8
347621
What is 35676 (base 12) in base 9?
118440
What is 602980 (base 14) in base 5?
1311444213
11d572 (base 16) to base 15
18146e
What is -4543554 (base 6) in base 16?
-3887e
What is -1791c4 (base 14) in base 6?
-25454532
What is 296460 (base 14) in base 10?
1438724
Convert 125021 (base 13) to base 6.
13230215
Convert 563365 (base 8) to base 6.
4024313
Convert 2130210100 (base 5) to base 9.
8476148
-125124525 (base 6) to base 5
-1113443242
Convert f1440 (base 16) to base 11.
615516
-2a1371 (base 14) to base 6
-51210131
What is 376473 (base 8) in base 5?
13132423
Convert -2106404 (base 8) to base 2.
-10001000110100000100
1111000101101111111 (base 2) to base 6
14333103
74264 (base 9) to base 8
137647
2154b7 (base 16) to base 10
2184375
What is -2d858e (base 15) in base 13?
-5c2919
What is 385158 (base 9) in base 6?
5000342
What is -2543534 (base 8) in base 12?
-2a0964
What is -269827 (base 11) in base 2?
-1100111010000001100
Convert 151604145 (base 7) to base 9.
21006866
Convert -302033220 (base 4) to base 3.
-101110022020
1666460 (base 8) to base 6
14233132
Convert -5524442 (base 6) to base 11.
-179225
12024520 (base 6) to base 13
102720
What is -12110110211122 (base 3) in base 7?
-33446600
What is -7515333 (base 11) in base 5?
-11341243002
Convert -1104124204 (bas